0?
True
Is 43 a factor of 26789?
True
Is 85 a factor of 241?
False
Does 18 divide 3414?
False
Is 48 a factor of 720?
True
Does 58 divide 24418?
True
Is 13 a factor of 1964?
False
Is 21 a factor of 523?
False
Is 38 a factor of 27053?
False
Does 57 divide 11856?
True
Does 18 divide 1710?
True
Does 94 divide 965?
False
Is 5 a factor of 7130?
True
Is 57 a multiple of 2?
False
Is 149 a factor of 9536?
True
Is 5028 a multiple of 6?
True
Is 16 a factor of 235?
False
Is 264 a multiple of 11?
True
Is 12 a factor of 1313?
False
Is 13674 a multiple of 45?
False
Is 810 a multiple of 9?
True
Is 10 a factor of 880?
True
Is 61 a factor of 1403?
True
Is 29 a factor of 370?
False
Is 3256 a multiple of 45?
False
Does 38 divide 31806?
True
Is 1653 a multiple of 19?
True
Is 18 a factor of 3065?
False
Does 6 divide 675?
False
Is 9972 a multiple of 111?
False
Does 6 divide 1122?
True
Is 60 a factor of 16749?
False
Does 41 divide 1312?
True
Is 99 a factor of 7945?
False
Does 34 divide 340?
True
Does 49 divide 12303?
False
Does 6 divide 3096?
True
Is 9216 a multiple of 32?
True
Is 711 a multiple of 9?
True
Is 62 a factor of 449?
False
Does 33 divide 693?
True
Does 10 divide 7379?
False
Does 29 divide 812?
True
Is 5130 a multiple of 57?
True
Is 18 a factor of 46980?
True
Is 1365 a multiple of 21?
True
Is 14938 a multiple of 11?
True
Is 5697 a multiple of 27?
True
Does 5 divide 185?
True
Is 6 a factor of 56846?
False
Does 21 divide 10164?
True
Does 27 divide 39165?
False
Is 15 a factor of 270?
True
Is 21 a factor of 210?
True
Is 9 a factor of 693?
True
Is 94 a factor of 110904?
False
Is 104 a factor of 6240?
True
Is 78 a multiple of 2?
True
Does 19 divide 18468?
True
Is 16 a factor of 256?
True
Is 19866 a multiple of 66?
True
Is 60828 a multiple of 12?
True
Is 24 a multiple of 18?
False
Does 135 divide 42255?
True
Is 186 a multiple of 2?
True
Is 93249 a multiple of 9?
True
Is 7 a factor of 2457?
True
Is 9403 a multiple of 19?
False
Is 12 a factor of 3264?
True
Is 25426 a multiple of 23?
False
Is 89 a factor of 3026?
True
Is 2101 a multiple of 8?
False
Is 44 a factor of 2640?
True
Is 51 a factor of 80815?
False
Is 11 a factor of 473?
True
Is 2614 a multiple of 14?
False
Is 6 a factor of 1586?
False
Does 6 divide 1335?
False
Is 8 a factor of 1549?
False
Does 33 divide 740?
False
Is 1462 a multiple of 13?
False
Is 1428 a multiple of 14?
True
Does 25 divide 253?
False
Does 8 divide 10?
False
Is 6837 a multiple of 2?
False
Is 79 a factor of 15975?
False
Does 79 divide 23779?
True
Does 19 divide 2610?
False
Is 29034 a multiple of 33?
False
Does 11 divide 31020?
True
Is 21672 a multiple of 387?
True
Is 3243 a multiple of 27?
False
Does 10 divide 397?
False
Is 59843 a multiple of 83?
True
Does 29 divide 15109?
True
Is 8 a factor of 342?
False
Is 328 a multiple of 12?
False
Is 980 a multiple of 95?
False
Is 20 a factor of 2989?
False
Does 38 divide 3724?
True
Does 96 divide 1646?
False
Is 5 a factor of 585?
True
Is 268 a multiple of 7?
False
Is 28544 a multiple of 148?
False
Is 65052 a multiple of 278?
True
Does 12 divide 27973?
False
Is 318 a factor of 29130?
False
Is 38 a factor of 5134?
False
Is 2361 a multiple of 72?
False
Is 89 a factor of 729?
False
Does 52 divide 223?
False
Is 13686 a multiple of 66?
False
Is 161048 a multiple of 37?
False
Does 3 divide 558?
True
Is 14 a factor of 1554?
True
Does 10 divide 1170?
True
Is 12136 a multiple of 11?
False
Does 40 divide 4913?
False
Is 6466 a multiple of 122?
True
Does 9 divide 378?
True
Is 10 a factor of 1240?
True
Is 15 a factor of 40449?
False
Is 1540 a multiple of 14?
True
Does 7 divide 84?
True
Is 533 a multiple of 6?
False
Does 231 divide 8316?
True
Does 38 divide 794?
False
Is 1130 a multiple of 5?
True
Is 75754 a multiple of 24?
False
Is 35 a factor of 175?
True
Is 10963 a multiple of 65?
False
Is 2610 a multiple of 30?
True
Is 2572 a multiple of 59?
False
Is 39 a factor of 56043?
True
Does 58 divide 24615?
False
Is 11 a factor of 14190?
True
Does 83 divide 2075?
True
Is 32040 a multiple of 36?
True
Is 8 a factor of 93?
False
Does 6 divide 816?
True
Is 3840 a multiple of 160?
True
Does 102 divide 2963?
False
Is 22 a factor of 694?
False
Is 43 a factor of 1197?
False
Is 1584 a multiple of 2?
True
Is 5649 a multiple of 14?
False
Does 47 divide 423?
True
Is 35 a multiple of 2?
False
Is 11 a factor of 5432?
False
Is 4 a factor of 4304?
True
Does 68 divide 23664?
True
Is 125 a factor of 1932?
False
Is 15886 a multiple of 13?
True
Is 3133 a multiple of 29?
False
Does 29 divide 508?
False
Is 1047 a multiple of 22?
False
Is 20 a factor of 120?
True
Does 42 divide 1512?
True
Is 1006 a multiple of 49?
False
Is 4 a factor of 420?
True
Does 17 divide 6970?
True
Does 12 divide 55980?
True
Does 13 divide 29887?
True
Is 598 a multiple of 23?
True
Is 520 a multiple of 26?
True
Does 55 divide 17774?
False
Is 118316 a multiple of 26?
False
Is 105576 a multiple of 318?
True
Is 137 a factor of 16693?
False
Is 72 a factor of 23040?
True
Is 37 a factor of 7733?
True
Is 2754 a multiple of 74?
False
Is 17045 a multiple of 29?
False
Is 50 a factor of 4124?
False
Is 3 a factor of 1565?
False
Does 5 divide 40?
True
Is 18 a factor of 3179?
False
Is 444 a multiple of 20?
False
Is 59 a factor of 12095?
True
Is 374 a multiple of 17?
True
Does 25 divide 1794?
False
Is 3005 a multiple of 12?
False
Is 2248 a multiple of 3?
False
Is 57 a factor of 142783?
False
Does 19 divide 15060?
False
Is 383 a multiple of 32?
False
Does 12 divide 670?
False
Does 46 divide 634?
False
Is 4085 a multiple of 73?
False
Is 88 a multiple of 22?
True
Does 26 divide 12670?
False
Does 43 divide 559?
True
Is 76368 a multiple of 43?
True
Does 31 divide 29188?
False
Does 17 divide 4012?
True
Is 7392 a multiple of 33?
True
Is 72 a multiple of 4?
True
Does 7 divide 7575?
False
Is 840 a multiple of 35?
True
Does 106 divide 149990?
True
Is 665 a multiple of 6?
False
Does 27 divide 16910?
False
Is 1546 even?
True
Does 24 divide 37224?
True
Is 466 a multiple of 23?
False
Is 4 a factor of 4623?
False
Is 165 a multiple of 10?
False
Is 8415 a multiple of 15?
True
Is 5160 a multiple of 5?
True
Does 15 divide 6120?
True
Does 15 divide 1073?
False
Is 37 a factor of 2230?
False
Is 39 a factor of 634?
False
Is 10 a factor of 20410?
True
Does 36 divide 36?
True
Is 4 a factor of 930?
False
Does 8 divide 37552?
True
Is 102 a factor of 8154?
False
Is 69 a factor of 1118?
False
Is 13 a factor of 436?
False
Does 8 divide 1520?
True
Is 5363 a multiple of 34?
False
Does 12 divide 4860?
True
Is 1169 a multiple of 7?
True
Is 19305 a multiple of 6?
False
Is 1120 a multiple of 40?
True
Does 6 divide 621?
False
Is 828 a multiple of 46?
True
Is 34 a factor of 10934?
False
Is 4 a factor of 352?
True
Is 10962 a multiple of 14?
True
Is 26 a factor of 76232?
True
Is 2982 a multiple of 60?
False
Is 3 a factor of 276?
True
Does 16 divide 1168?
True
Is 688 a multiple of 16?
True
Is 162 a multiple of 27?
True
Is 19737 a multiple of 163?
False
Does 2 divide 95?
False
Is 16753 a multiple of 140?
False
Does 5 divide 470?
True
Is 92 a factor of 15837?
False
Does 5 divide 69?
False
Does 12 divide 144?
True
Does 19 divide 477?
False
Is 18 a factor of 1839?
False
Is 2190 a multiple of 15?
True
Does 26 divide 24528?
False
Does 44 divide 2508?
True
Does 18 divide 3222?
True
Is 30 a factor of 14940?
True
Is 46 a factor of 7494?
False
Is 42 a factor of 2016?
True
Is 22110 a multiple of 15?
True
Does 11 divide 28610?
False
Does 13 divide 3913?
True
Is 14616 a multiple of 24?
True
Is 169 a factor of 15041?
True
Is 43 a factor of 2795?
True
Is 33 a factor of 2207?
False
Is 473 a multiple of 42?
False
Is 576 a multiple of 3?
True
Does 31 divide 2139?
True
Is 46 a factor of 1119?
False
Is 547 a multiple of 3?
False
Does 10 divide 1133?
False
Is 150 a multiple of 50?
True
Is 13 a factor of 689?
True
Does 39 divide 23223?
False
Is 90 a multiple of 30?
True
Is 76 a factor of 24375?
False
Is 6 a factor of 5458?
False
Is 11 a factor of 220?
True
Does 19 divide 36157?
True
Is 2955 a multiple of 34?
False
Does 13 divide 1295?
False
Does 6 divide 468?
True
Does 40 divide 3390?
False
Is 1388 a multiple of 27?
False
Is 4695 a multiple of 5?
True
Does 29 divide 3277?
True
Is 18 a factor of 18?
True
Is 11035 a multiple of 5?
True
Is 5789